or of b and 85?
17
Let b = -24 + 17. Let a = 17 + b. What is the highest common factor of 15 and a?
5
Let w(g) = -g**2 - 22*g + 11. Let r be w(-11). What is the greatest common divisor of 12 and r?
12
Let g(l) = l**2 - 2*l - 2. Let z be g(-2). Suppose 4*y = 3*o + 9, z*y - 2*y + 3*o - 15 = 0. Calculate the highest common factor of 1 and y.
1
Let k(v) = -v**2 - 10*v + 3. Let b be k(-5). Calculate the greatest common divisor of b and 8.
4
Let h = 1 - -5. Suppose -h*g = -g - 100. Let x be (6 + (-1 - 0))*16. What is the highest common divisor of x and g?
20
Suppose -5*k = -5*p - 5, 5*k - 1 = 3*p - 2. Let o be 822/8 + p/(-12). Let l = 62 + o. Calculate the highest common divisor of l and 15.
15
Let o = 1 - 7. Let s be (-182)/o + (-4)/12. Calculate the highest common divisor of s and 3.
3
Let w(m) = -92*m - 1. Let r be w(1). Let y(l) = -l**2 + 11*l + 3. Let a be y(-8). Let x = r - a. Calculate the highest common factor of x and 14.
14
Let f be (-78)/4*12/(-18). Let b = -12 + f. What is the greatest common divisor of b and 7?
1
Suppose 153 = -2*g + 939. Suppose 2*h = -3*h - 975. Let s = g + h. What is the greatest common factor of s and 22?
22
Suppose f = 2*w - 13, 0*w - 3*w + 4*f + 32 = 0. Let s be 8 + 0 + w/(-2). Suppose 2 = x - 0*x. Calculate the highest common factor of s and x.
2
Let b = 1 - -3. Suppose 0 = -4*l - 4*k + 4, 3*l - 3*k = b + 5. Suppose 2*r + 2*a = 3*a + 5, -4*r = -3*a - 5. Calculate the greatest common factor of l and r.
1
Let t = 9 - 5. Let y(p) = 3*p + 1. Let d be y(t). Let c be (d - -1) + (-2 - -2). Calculate the greatest common factor of c and 7.
7
Suppose 2 = -0*b - 2*b, 2*b - 5053 = 3*i. Let a be i/(-20) + (-2)/8. Let d be (1 + 2)/1*4. What is the highest common factor of a and d?
12
Let w be (2/6)/((-4)/(-120)). Suppose -5*i - w + 35 = 0. What is the greatest common divisor of 1 and i?
1
Let m(x) = 37*x**2 + 5*x + 9. Let p be m(-2). Calculate the highest common factor of p and 21.
21
Suppose -6*b - 560 = -7*b. Suppose b = q + 4*q. What is the greatest common divisor of q and 16?
16
Let d(b) = b + 1 - b + 3*b. Let g be d(2). Let w be (-4 + -185)/(-3)*1. Calculate the greatest common factor of g and w.
7
Let q = 79 - -26. What is the greatest common divisor of q and 15?
15
Suppose 0*c - c = 1. Let t be c + 1 - (3 + -28). Calculate the highest common factor of t and 5.
5
Let w(q) = 2*q - 3. Let c be w(8). Let i = c + -6. What is the highest common divisor of 63 and i?
7
Let o(b) = b**3 - 18*b**2 - 38*b + 8. Let y be o(20). Let w = 0 - -24. Suppose 6*t - 2*t - w = 0. Calculate the greatest common factor of t and y.
6
Let s(l) = l**2 + l - 1. Let t be s(2). Let j be (0 - 6/4)*-98. Suppose 3*g - 3*z - j = 0, -5*z + 115 = 2*g + g. What is the greatest common factor of g and t?
5
Let y = 10 - 7. Suppose y*n + u = -11, 0 = 2*n - 5*u - 0*u + 30. Let b(h) = -h + 1. Let i be b(n). Calculate the highest common divisor of 18 and i.
6
Let o = 47 + -27. What is the highest common factor of 100 and o?
20
Suppose 37 = 3*n - 14. Calculate the highest common factor of 153 and n.
17
Suppose 2*i = -3*l + 104, l = -3*i + 14 + 30. Calculate the greatest common divisor of l and 80.
16
Suppose 2*i - 6 = -i. Suppose -5*t + 0*x = i*x - 79, 2*t - 2*x = 40. Let y be (-172)/(-4) + -4 - 70/14. What is the highest common divisor of y and t?
17
Let n(d) = 16*d**2 + 3*d + 1. Let i be n(3). Suppose 0*s = -4*m + 4*s + 68, 4*m - 3*s - 65 = 0. Calculate the highest common factor of i and m.
14
Let z(i) = 2*i**2 - 2*i - 2. Let j be z(2). Suppose -j*s = 5*x - 720, -4*s + 367 = 4*x - 209. Calculate the highest common divisor of x and 18.
18
Let u(t) = t**3 - 7*t**2 - 6*t - 11. Let y be u(8). Suppose 0 = 4*j - 97 - 123. What is the greatest common divisor of y and j?
5
Let s(f) = f**3 + 10*f**2 + 7*f - 10. Let l be s(-9). Calculate the highest common divisor of l and 1.
1
Suppose u - 372 = -5*u. Suppose 4*j + u = 286. Let d(n) = 6*n + 2. Let z be d(2). Calculate the highest common factor of z and j.
14
Let p be 2 + (1 - -1 - -2). What is the greatest common divisor of 66 and p?
6
Suppose -12 = 5*l - 47. Let z(v) = -v**3 + 3*v**2 - 3*v - 4. Let t be z(3). Let c be 9/(-2)*(t - 1). Calculate the highest common factor of l and c.
7
Suppose -5*l + 4 = -1. Suppose -3*o - l = 2. Let r be -2 + (-1 - 25*o). What is the highest common factor of r and 11?
11
Let l be 24 + -1*2 + 0. Let c be (0/(-4))/(2/2). Suppose c*q + 5*q - 770 = 0. Calculate the greatest common divisor of l and q.
22
Let i = 5 + -3. Let x(u) = -3*u**2 + 1 + 3*u**i - 2*u + 5*u**3 - u**2. Let a be x(2). Calculate the greatest common factor of 3 and a.
3
Let w(l) = -41*l**3 + l**2 + 3*l + 1. Let v be w(-1). Suppose 4*g - k = 22, 5*g = 3*g + 2*k + 14. What is the highest common divisor of g and v?
5
Suppose 0 = -h - 4*h - 345. Let i = 106 + h. Let w = 55 - i. Calculate the highest common factor of w and 6.
6
Suppose 4*m = 3*m + 14. Suppose 5*c = 5*u + 88 + 42, -5*c = -3*u - 122. Let i be (-1 + c)/(-3)*-2. Calculate the highest common factor of i and m.
14
Suppose 4*m - m - 3 = 0. Let q(z) = -m + 3*z - z + 4. Let b be q(6). Calculate the greatest common divisor of b and 3.
3
Let w = 596 - 572. Suppose -2*b - 240 = -6*b. Calculate the greatest common divisor of w and b.
12
Suppose 4*r = -s - 17, 2*r + 22 = 4*s - 0*s. Let j be -1*(8 - -1 - 2). Let m = r - j. What is the greatest common divisor of m and 2?
2
Let d = 14 + -4. Let r = 26 - d. What is the greatest common factor of r and 2?
2
Suppose i = 43 + 12. Let a be (264/32)/(3/8). What is the greatest common divisor of a and i?
11
Let h = -2 + 9. Calculate the greatest common factor of h and 70.
7
Let k(v) = 4*v**2 + 3*v + 2. Let a be k(-1). Suppose 0*t + 126 = a*t. What is the greatest common factor of t and 105?
21
Let w be (55/44)/((-2)/(-24)). Calculate the highest common factor of w and 45.
15
Let q be (-2)/9 - 608/18. Let l = q + 58. Calculate the highest common divisor of 8 and l.
8
Suppose -5*t + 79 = 334. Let o = -21 - t. Calculate the highest common divisor of o and 20.
10
Suppose -360 = -26*h + 11*h. Calculate the highest common factor of h and 36.
12
Let c be 22/(-6) - 2/(-3). Let l(j) = j - 2. Let i be l(c). Let a be (-275)/i*(-8)/(-5). Calculate the highest common factor of a and 8.
8
Let j = 16 - 4. Let y = -191 + 221. Calculate the greatest common divisor of y and j.
6
Let c(s) = s**3 - 4*s**2 - 6*s - 1. Let o be c(5). Let b = o + 7. Let m = b - -7. Calculate the greatest common factor of m and 64.
8
Suppose -4*z - z = -50. Let h be 13/4 - (-1)/(-4). Let j be (0 - -19) + (-1 - h). What is the highest common divisor of z and j?
5
Let q be 20 + (-5 - -4) - 1. Calculate the highest common divisor of q and 144.
18
Let c = 3 - -9. Calculate the greatest common divisor of c and 60.
12
Suppose -3*u - 15 = 0, -2*g + 4*u = -0*g - 128. Let i = -209 - -353. Suppose 4*w - i = -0*w. What is the greatest common factor of g and w?
18
Suppose 12 = 3*l - 3. Suppose l*h + 0*h - 195 = -5*b, -b = -4*h + 171. Calculate the greatest common factor of h and 28.
14
Let i(q) = -q**2 - 1 + 5 - q - 6*q. Let a be i(-5). Let j = -166 + 320. What is the greatest common divisor of j and a?
14
Let m(a) = -2*a**3 - 5*a**2 - 3*a - 3. Let j be m(-3). Let p = j + -8. Calculate the greatest common factor of p and 56.
7
Suppose -2*f - 20 = l + 3*f, -5*l = -f - 30. Let p = 86 + l. What is the highest common divisor of 13 and p?
13
Let j = -12 - -50. What is the greatest common factor of 57 and j?
19
Suppose 0 = 2*x - 4*c - 60, 2*x = 7*x + 4*c - 206. What is the greatest common factor of 19 and x?
19
Let h be 15/25 + -1 + (-1581)/(-15). Calculate the highest common divisor of h and 70.
35
Let b(f) = f + 10. Let o be b(-3). Let y be (-443)/(-7) + (-2)/7. Calculate the greatest common factor of y and o.
7
Let u be 0 + (-4 + 2 - (-160 - 2)). What is the highest common divisor of 64 and u?
32
Suppose -5*v = 99 - 1009. Suppose -5*p + v = 2*g, -5*p + 0*g = -2*g - 178. What is the highest common divisor of p and 4?
4
Let u(j) = j**2 - 4*j - 3. Let t be u(5). Suppose t*g - 69 = -3*r + 5*g, 0 = 2*r + 2*g - 66. Calculate the greatest common factor of r and 42.
14
Let r be (-248)/(-18) - (-4)/18. Calculate the highest common divisor of r and 28.
14
Let p(h) = -h + 0*h + 0 - 4 - 4. Let a be p(-7